9 - 23) + 11 - 9.
5
What is the value of 0 - -42 - 1 - (-78 + 8 + 79)?
32
Evaluate 0 - (5 - (-18 + -3 + 12)).
-14
4 + -5 + 6 + -8 + (22 - 9)
10
What is the value of (30 - 8) + (-1 - 13)?
8
2 - -3 - (-3 - -1 - (-33 - -17))
-9
Calculate 0 + 3 - (110 - 111 - (-1 - -9)).
12
Evaluate 16 - (-8 - 4 - -51) - (0 + -8).
-15
What is the value of -11 - (3 + -2 - ((-7 - 0) + 6))?
-13
Evaluate 4 - (28 - (-12 + 4)).
-32
Evaluate 3 + -1 - (-18 - (-46 - -20)).
-6
What is 14 - ((17 - 40) + 35)?
2
What is -7 - -10 - -7 - (37 + (-11 - -5))?
-21
What is 1 + -3 + -1 - (-226 - -231)?
-8
11 + 5 + 4 + (-15 - 1)
4
Calculate (21 + -7 - 2) + -18 - (3 + -1).
-8
What is -22 + 26 + 20 + -12?
12
-22 - (7 + 15 + (-7 - 11))
-26
Evaluate -3 + 12 + -2 + 1 + 11.
19
Evaluate (21 - (6 + 31)) + (0 - 1 - -7).
-10
Calculate (-3 - -13 - 10 - (4 - -11)) + -1.
-16
-31 - (-55 + 23) - 30
-29
What is 28 + -52 + (5 - (-2 + 3))?
-20
What is the value of 6 - (23 + (-25 - -9) + (21 - 2))?
-20
Evaluate 1 - (9 - 7 - -3 - 9).
5
Calculate (75 + -42 - 35) + (9 - (-3 - -2)).
8
Calculate -25 + 3 + -3 + 26.
1
What is the value of -9 + (2 - 3 - -3 - -4) - -8?
5
38 + -39 - (-3 - 0) - (-4 - -3)
3
What is -6 + (9 - (-20 + 11 - (8 - 43)))?
-23
What is the value of 59 + (3 - (-35 - -72))?
25
Evaluate -83 + 61 - (7 + -44).
15
Evaluate 8 + 11 - 5 - 21.
-7
What is 14 + 7 + (-20 - -13)?
14
Calculate (-17 - 0) + 1 - -22.
6
What is -3 + (32 + -4 - 15)?
10
Calculate 14 - (4 + 2 + -11 + 11).
8
Evaluate -3 + -8 + 17 - ((7 - 2) + 19).
-18
What is 3 + -3 + 4 + -39 + 8?
-27
What is -111 + 90 + 27 + (-18 - 0)?
-12
Calculate 2 + 8 + 4 + (15 - 1).
28
Calculate 6 + -11 + 39 - 40.
-6
Calculate 7 - (-1 + 2) - (-86 - -104).
-12
What is the value of (-20 + -1 - (-211 - -200)) + 12?
2
What is the value of -16 + (-1 - 14) + 11?
-20
10 + 1 - 13 - -5
3
Evaluate (-26 - (-26 - -3)) + 8.
5
-2 + (6 - (-15 + (-9 - -18)))
10
What is the value of (2 - -11) + 102 + -108?
7
What is (-4 - -3) + -9 - ((-4 - 21) + 15)?
0
What is the value of -6 + 3 + 20 + 3 - (-1 - -11)?
10
Calculate 9 + 1 + 0 + (43 - -43) + -114.
-18
What is the value of 3 + -2 - (9 + (26 - 13) - 24)?
3
-8 + 1 + -2 - (-6 - -13)
-16
Calculate 31 + -2 + 29 + -33.
25
Calculate -33 + (26 - -12) - -23.
28
Evaluate -14 + -16 - -33 - -20.
23
What is the value of -32 + (-1 - -13) + 10?
-10
What is the value of (0 - 0) + -1 - -1 - (-601 + 614)?
-13
Calculate 1 + -8 - (-38 - (-8 + -32 + 21)).
12
Calculate -11 - ((-9 - 25) + 32).
-9
14 + -10 - (-5 + (3 - (14 + -4)))
16
(0 - (-13 + 8)) + 7
12
What is the value of (2 - -46) + 5 + -31?
22
What is 27 + 75 + -45 + -28?
29
What is the value of -18 + -11 + 26 + (0 - 0)?
-3
What is the value of -7 + -17 + -36 + 32?
-28
Calculate (-1 - 0 - 5) + 2 + 10 + 10.
16
What is -11 + 3 - ((125 - 133) + (1 - 21))?
20
What is (16 + 20 - 26) + -8 + -1?
1
What is the value of (-15 - 1) + 1 + 26 + -14 + -15?
-18
Evaluate (-9 - -5) + 9 - (18 - -3 - 1).
-15
Evaluate 87 + -97 - (-1 - (1 - 10)).
-18
What is the value of (35 - 45) + 26 - (-12 - 2)?
30
Evaluate 4 - -1 - 0 - (-1 + -3) - -4.
13
2 + (6 - 8 - 0) + -3
-3
9 + (2 + 17 + -8 - 4)
16
Evaluate -32 + 17 - (-4 + (-12 - -4)).
-3
Calculate 3 + 0 + -3 + -3 + -3 - -16.
10
28 + 7 + (8 + -11 - (3 - 1))
30
What is the value of 14 + 52 - 69 - (-8 - (-1 + 1))?
5
Calculate (-21 + 17 - (6 - 4 - -4)) + -4.
-14
Calculate (21 - (-4 + 12)) + -6.
7
Evaluate (4 + 9 + -12 - 8) + -1 - -34.
26
Calculate -29 + 15 + -1 + -1 + 0 - -6.
-10
What is the value of -2 + -33 + 34 + -36?
-37
34 - (18 - (22 + -23))
15
(-14 - -8) + 8 - (1 + (-7 - 0))
8
Calculate -33 - -25 - (-2 - 17).
11
What is the value of 5 + (-18 - (-6 - (-8 + 6)))?
-9
Evaluate (-7 - -4) + -1 + -38 + 57.
15
What is (-1072 - -1072) + 0 + (19 - (1 + -1))?
19
-7 + -4 - -16 - -6 - 9 - 9
-7
(-1 - (1 + -2)) + 13 + 26 + -35
4
What is the value of -17 - (0 + -32 - -4)?
11
-1 + -1 - (-242 - -220)
20
Calculate -1 + ((2 - 11) + (-12 - -4) - -3).
-15
Evaluate 18 - (8 + -15 + -2 + 3 + 6).
18
What is the value of -12 + 18 + -17 + 6?
-5
What is -18 + -17 + (17 - -9)?
-9
Calculate 10 + (14 - 23) + -5.
-4
What is the value of (45 - 16) + -20 - (33 - 4 - 3)?
-17
What is the value of -9 + (70 - 85 - (-3 + -3))?
-18
What is the value of -8 - ((-11 - 0) + 13)?
-10
What is the value of (-46 - -50) + -25 + (-3 - -2 - -8)?
-14
What is 5 + (19 - (-29 + 50))?
3
What is the value of 1 + 9 + (1 - 16) + (28 - 22)?
1
Evaluate (4 - -1) + (1 + -20 - (8 + 9)).
-31
(27 - 31) + -20 + 10
-14
Calculate -2 + 0 - 8 - (52 + (11 - 59)).
-14
Evaluate (-6 - 9) + -44 + 43.
-16
What is 16 - (-11 + 31) - -7?
3
Evaluate -27 + 21 + -1 + -29.
-36
What is the value of 4 + (-22 - (2 - 14 - -12))?
-18
Calculate 6 - (1 + 5 + -2 + -8 - 5).
15
Evaluate (28 - 43) + (23 - -2) + 8.
18
Calculate (20 + -19 - -10) + (-18 - 4).
-11
Calculate (-21 - 26) + 29 + 1 + -3.
-20
12 - (-10 + 1 + 9 + 2)
10
6 + -12 + -4 - (-6 + (-8 - -7))
-3
Calculate -21 + 44 + (17 - 4).
36
Calculate (-6 + 6 - -5) + -4 + 1 + 22.
24
-3 - (-9 + 12 + -1)
-5
Calculate -10 - ((5 - 40) + 19).
6
Evaluate (57 - (9 + 21)) + 0.
27
Calculate 0 + -1 + (-10 - (-4 + -8 - 3)).
4
Evaluate 13 - (-8 + (0 - ((6 - 18) + 3))).
12
Calculate -26 + 21 + 5 - (1 - 4).
3
Calculate 1 + -9 + (11 - 5 - 11) - -1.
-12
(-1 + 1 - -8 - 0) + -2 + -4
2
-30 - -4 - (16 + -31)
-11
What is the value of -5 + 13 + 4 + -4 + 4 + -5?
7
Calculate (-19 + 25 - 45) + -2 + 13.
-28
Evaluate -22 - (11 + (-9 - 1) + -2).
-21
Calculate 6 + 1 - 4 - (-2 - -18).
-13
Evaluate (74 - 97) + (-2 - (0 - 13)).
-12
What is 2 - ((1 - -2) + (22 + 4 - 16))?
-11
(-5 - (-4 + 5) - -7) + -5 + 1
-3
What is -7 + (-2 + -11 + 17 - 12)?
-15
What is the value of 8 + (-31 + 17 - (-1 - -1))?
-6
What is -16 - (8 + -5) - -7?
-12
What is 8 + -17 - (-7 - (7 - 3)) - -13?
15
Calculate 1 + -4 + (-3 + 6 - 15).
-15
Calculate -2 - -7 - (14 + 16 - 18).
-7
Evaluate -4 + (1 - -6) + (11 - 3) + -3.
8
What is the value of -28 - -29 - (10 - 4)?
-5
Evaluate -1 + 43 + (-48 + 5 + 19 - -13).
31
What is -16 + (-10 - -32 - 31)?
-25
Evaluate 0 + -3 - (-39 - -36) - 8.
-8
Calculate -2 + (6 - (-1 - (-5 - 1))) + 12.
11
27 - -35 - 22 - 29
11
Calculate 1484 + -1483 + 0 + 14.
15
What is the value of 4 - 0 - (7 - (3 - 0)) - 1?
-1
-6 + 7 + -5 - (-36 + 12)
20
4 - ((23 - 1) + (-17 - -17) + -6)
-12
What is 3 + -1 - (77 + -59)?
-16
What is the value of 19 + -3 + -3 + -8 + 0?
5
What is the value of (-2 - 0) + 1 + 6 + 3 + -12?
-4
(0 + (-8 - -19) - 33) + -6
-28
What is (6 - -1) + (13 - (19 - 0)) + 2?
3
Calculate (124 - 121) + (-1 + 1 - 1) + 1.
3
What is 1 + 35 + (60 - (-7 + 67))?
36
What is the value of 8 - 1 - (7 - 13) - (1 - -1)?
11
Calculate 6 + 40 + -18 - 11 - 48.
-31
What is -10 + (18 - (10 - 8))?
6
What is the value of 922 + -936 - (1 - 22)?
7
What is -20 + (10 - 34) + 57?
13
Evaluate 2 + -4 + (-14 - -9) + (1 - -7).
1
Calculate (2 - -4) + 12 + (-2 - 6 - 36).
-26
What is the value of 30 - (2 - -35) - (0 - (-7 + -1))?
-15
Evaluate 1 - (16 - -13 - 11 - 3).
-14
What is 6 - (15 - (-17 - -32))?
6
-130 + 134 - ((15 - 0) + 2)
-13
Calculate 1 - -11 - (8 + (-2 - 0) + -6).
12
Calculate -24 - (2 - ((1 - -4) + -4 + 7)).
-18
Evaluate 20 + 1 - (-1 - -3) - (1297 - 1298).
20
What is -6 - -13 - ((-4 - -1 - 0) + 2)?
8
Calculate (184 - (313 + -146)) + (-8 + -1 - 1).
7
4 + (-3 - (-4 - -12)) + (-103 - -100)
-10
Evaluate (-4 - 3) + 10 + 4 + -5.
2
What is the value of -5 - -2 - 11 - 0?
-14
Calculate -3 + (6 + 8 - 20).
-9
Evaluate 25 - (-9 + 1 - -28).
5
What is -16 + (19 - 16) - -12?
-1
What is 1 + (15 - 9 - (5 + 11))?
-9
Calculate -7 + (-26 - -17) + 13.
-3
-13 + ((7 - 19) + 0 - -4)
-21
2 - (31 - 8 - (-4 + 6 + 3))
-16
Calculate (6 + -31 - -12) + 21.
8
What is the value of 7 + 11 + 15 + 6 + -55?
-16
0 - (7 + -5 + 1 + -3 + -5)
5
(-4 - 4) + -16 + (14 - (-7 - -16))
-19
Calculate 19 + -10 + (12 - (15 + -8)).
14
What is -4 + 19 + -27 - -9?
-3
What is 3 + 1 - (-6 - (-11 + 7) - -8)?
-2
What is the value of (-15 - -10) + (-5 - (-1 + -3)) - 6?
-12
Calculate (-130 - -129) + (-1 - 0 - 2) + 13.
9
What is the value of -4 - (2 + 6 + 4 + 2)?
-18
-12 - (9 + -4 + -15)
-2
Evaluate -12 + (21 - (21 + -13)) + (-3 - 0).
-2
What is the value of 154 - 146 - (-3 + (4 - 3) - 2)?
12
What is the value of (0 - 7) + (100 - 98 - (14 - 3))?
-16
What is the value of (6 - 13) + 17 + 1 + 0?
11
-7 + (-4 - -18) - -3
10
What is the 